{"id":224,"date":"2022-08-30T22:59:43","date_gmt":"2022-08-30T22:59:43","guid":{"rendered":"https:\/\/hercigonja-stolarija.hr\/?page_id=224"},"modified":"2022-08-30T23:37:35","modified_gmt":"2022-08-30T23:37:35","slug":"obavijest-o-projektu-reacteu","status":"publish","type":"page","link":"https:\/\/hercigonja-stolarija.hr\/?page_id=224","title":{"rendered":"Obavijest o projektu ReactEU"},"content":{"rendered":"\n<div class=\"wp-container-12 wp-block-columns\">\n<div class=\"wp-container-11 wp-block-column\" style=\"flex-basis:100%\">\n<div class=\"wp-container-4 wp-block-columns\">\n<div class=\"wp-container-1 wp-block-column\">\n<figure class=\"wp-block-image size-full\"><a href=\"https:\/\/hercigonja-stolarija.hr\/wp-content\/uploads\/2022\/08\/image-4.png\"><img loading=\"lazy\" width=\"278\" height=\"155\" src=\"https:\/\/hercigonja-stolarija.hr\/wp-content\/uploads\/2022\/08\/image-4.png\" alt=\"\" class=\"wp-image-262\"\/><\/a><\/figure>\n<\/div>\n\n\n\n<div class=\"wp-container-2 wp-block-column\">\n<figure class=\"wp-block-image size-full\"><a href=\"https:\/\/hercigonja-stolarija.hr\/wp-content\/uploads\/2022\/08\/image-2.png\"><img loading=\"lazy\" width=\"335\" height=\"162\" src=\"https:\/\/hercigonja-stolarija.hr\/wp-content\/uploads\/2022\/08\/image-2.png\" alt=\"\" class=\"wp-image-260\" srcset=\"https:\/\/hercigonja-stolarija.hr\/wp-content\/uploads\/2022\/08\/image-2.png 335w, https:\/\/hercigonja-stolarija.hr\/wp-content\/uploads\/2022\/08\/image-2-300x145.png 300w\" sizes=\"(max-width: 335px) 100vw, 335px\" \/><\/a><\/figure>\n<\/div>\n\n\n\n<div class=\"wp-container-3 wp-block-column\">\n<figure class=\"wp-block-image size-full\"><a href=\"https:\/\/hercigonja-stolarija.hr\/wp-content\/uploads\/2022\/08\/image-3.png\"><img loading=\"lazy\" width=\"266\" height=\"163\" src=\"https:\/\/hercigonja-stolarija.hr\/wp-content\/uploads\/2022\/08\/image-3.png\" alt=\"\" class=\"wp-image-261\"\/><\/a><\/figure>\n<\/div>\n<\/div>\n\n\n\n<div class=\"wp-container-7 wp-block-columns\">\n<div class=\"wp-container-5 wp-block-column\" style=\"flex-basis:66.66%\"><\/div>\n\n\n\n<div class=\"wp-container-6 wp-block-column\" style=\"flex-basis:33.33%\">\n<p class=\"has-text-align-center\">Europska unija<br>Zajedno do fondova EU<\/p>\n<\/div>\n<\/div>\n\n\n\n<div class=\"wp-container-10 wp-block-columns are-vertically-aligned-top\">\n<div class=\"wp-container-8 wp-block-column is-vertically-aligned-top\" style=\"flex-basis:33.33%\">\n<p>Naziv instrumenta:<\/p>\n\n\n\n<p><\/p>\n\n\n\n<p>Naziv operativnog programa:<\/p>\n\n\n\n<p><\/p>\n\n\n\n<p>Naziv javnog poziva:<\/p>\n\n\n\n<p><\/p>\n\n\n\n<p><\/p>\n\n\n\n<p>Naziv korisnika:<\/p>\n\n\n\n<p>Broj ugovora:<\/p>\n\n\n\n<p>Naziv projekta:<\/p>\n\n\n\n<p><\/p>\n\n\n\n<p>Glavni cilj projekta:<\/p>\n\n\n\n<p><\/p>\n\n\n\n<p><\/p>\n\n\n\n<p><\/p>\n\n\n\n<p><\/p>\n\n\n\n<p>Kratak opis projekta:<\/p>\n\n\n\n<p><\/p>\n\n\n\n<p><\/p>\n\n\n\n<p><\/p>\n\n\n\n<p>Rezultati projekta:<\/p>\n\n\n\n<p><\/p>\n\n\n\n<p><\/p>\n\n\n\n<p><\/p>\n\n\n\n<p><\/p>\n\n\n\n<p><\/p>\n\n\n\n<p><\/p>\n\n\n\n<p><\/p>\n\n\n\n<p><\/p>\n\n\n\n<p><\/p>\n\n\n\n<p>Ukupna vrijednost projekta:<\/p>\n\n\n\n<p>EU sufinanciranje projekta:<\/p>\n\n\n\n<p>Razdoblje provedbe projekta:<\/p>\n\n\n\n<p>Kontakti za dodatne informacije:<\/p>\n<\/div>\n\n\n\n<div class=\"wp-container-9 wp-block-column is-vertically-aligned-top\" style=\"flex-basis:80%\">\n<p>Pomo\u0107 za oporavak za koheziju i europska podru\u010dja \u201eREACT-EU\u201c<\/p>\n\n\n\n<p><\/p>\n\n\n\n<p><a href=\"https:\/\/strukturnifondovi.hr\/eu-fondovi\/esi-fondovi-2014-2020\/op-konkurentnost-i-kohezija\/\">Operativni program konkurentnost i kohezija 2014. \u2013 2020.<\/a><\/p>\n\n\n\n<p><\/p>\n\n\n\n<p>Poziv na dostavu projektnih prijedloga \u201eJa\u010danje konkurentnosti poduze\u0107a ulaganjima u digitalnu i zelenu tranziciju\u201c<\/p>\n\n\n\n<p>HERCIGONJA-STOLARIJA d.o.o.<\/p>\n\n\n\n<p>KK.11.1.1.01.0689<\/p>\n\n\n\n<p>Ja\u010danje konkurentnosti tvrtke HERCIGONJA-STOLARIJA ulaganjima u napredne tehnologije proizvodnje te zelene i digitalne tehnologije<\/p>\n\n\n\n<p>Pove\u0107anje proizvodnih kapaciteta, unaprje\u0111enje proizvodne tehnologije i ja\u010danje konkurentnosti HERCIGONJA-STOLARIJA d.o.o. kroz ulaganja u digitalne i zelene tehnologije.<\/p>\n\n\n\n<p>Projektom je planirana nabava i implementacija suvremene proizvodne opreme, optimizacija procesa i organizacije poslovanja, usavr\u0161avanje djelatnika za kori\u0161tenje novih tehnologija i informatizacija poslovanja.<\/p>\n\n\n\n<p>Provedbom predmetnog projekta \u00a0optimizirat \u0107e se proizvodni proces i organizacija poslovanja te osna\u017eiti ljudski resursi. Uvest \u0107e se nova tehnolo\u0161ka rje\u0161enja povezana sa zelenim i digitalnim ciljevima. Posljedi\u010dno, projekt \u0107e rezultirati ja\u010danjem tr\u017ei\u0161ne pozicije poduze\u0107a, rastom prihoda od prodaje, prihoda od izvoza te pove\u0107anjem broja zaposlenih.<\/p>\n\n\n\n<p>5.661.640,67 HRK<\/p>\n\n\n\n<p>2.010.945,65 HRK<\/p>\n\n\n\n<p>30.09.2021.-30.09.2023.<\/p>\n\n\n\n<p>HERCIGONJA-STOLARIJA d.o.o.<\/p>\n\n\n\n<p>Boris Hercigonja, direktor<\/p>\n\n\n\n<p>W: <a href=\"https:\/\/hercigonja-stolarija.hr\/\">https:\/\/hercigonja-stolarija.hr\/<\/a><\/p>\n\n\n\n<p>M: <a href=\"mailto:hercigonja@hercigonja-stolarija.hr\">hercigonja@hercigonja-stolarija.hr<\/a> <\/p>\n\n\n\n<p>T: +385 1 3370 490<\/p>\n\n\n\n<p><a href=\"http:\/\/www.strukturnifondovi.hr\">www.strukturnifondovi.hr<\/a><\/p>\n<\/div>\n<\/div>\n<\/div>\n<\/div>\n\n\n\n<p class=\"has-text-align-center\">Projekt je sufinancirala Europska unija iz instrumenta <em>Pomo\u0107 za oporavak za koheziju i europska podru\u010dja \u201eREACT-EU\u201c<\/em>.<\/p>\n\n\n\n<p class=\"has-text-align-center\"><em>Sadr\u017eaj ove publikacije isklju\u010diva je odgovornost tvrtke HERCIGONJA-STOLARIJA d.o.o.<\/em><\/p>\n\n\n\n<p>&nbsp;&nbsp;&nbsp;&nbsp;&nbsp;&nbsp;&nbsp;&nbsp;&nbsp;&nbsp;&nbsp;&nbsp;&nbsp;&nbsp;&nbsp;&nbsp;&nbsp;&nbsp;&nbsp;&nbsp;&nbsp;&nbsp;&nbsp;&nbsp;&nbsp;&nbsp;&nbsp;&nbsp;&nbsp;&nbsp;&nbsp;&nbsp;&nbsp;&nbsp;&nbsp;&nbsp;&nbsp;&nbsp;&nbsp;&nbsp;&nbsp;&nbsp;&nbsp;&nbsp;&nbsp;&nbsp;&nbsp;&nbsp;&nbsp;&nbsp;&nbsp;&nbsp;&nbsp;&nbsp;&nbsp;<\/p>\n\n\n\n<p><\/p>\n\n\n\n<div class=\"wp-container-13 wp-block-columns\"><\/div>\n","protected":false},"excerpt":{"rendered":"<p>Europska unijaZajedno do fondova EU Naziv instrumenta: Naziv operativnog programa: Naziv javnog poziva: Naziv korisnika: Broj ugovora: Naziv projekta: Glavni cilj projekta: Kratak opis projekta: Rezultati projekta: Ukupna vrijednost projekta: EU sufinanciranje projekta: Razdoblje provedbe projekta: Kontakti za dodatne informacije: Pomo\u0107 za oporavak za koheziju i europska podru\u010dja \u201eREACT-EU\u201c Operativni program konkurentnost i kohezija 2014. [&hellip;]<\/p>\n","protected":false},"author":3,"featured_media":0,"parent":0,"menu_order":0,"comment_status":"closed","ping_status":"closed","template":"","meta":{"ngg_post_thumbnail":0},"_links":{"self":[{"href":"https:\/\/hercigonja-stolarija.hr\/index.php?rest_route=\/wp\/v2\/pages\/224"}],"collection":[{"href":"https:\/\/hercigonja-stolarija.hr\/index.php?rest_route=\/wp\/v2\/pages"}],"about":[{"href":"https:\/\/hercigonja-stolarija.hr\/index.php?rest_route=\/wp\/v2\/types\/page"}],"author":[{"embeddable":true,"href":"https:\/\/hercigonja-stolarija.hr\/index.php?rest_route=\/wp\/v2\/users\/3"}],"replies":[{"embeddable":true,"href":"https:\/\/hercigonja-stolarija.hr\/index.php?rest_route=%2Fwp%2Fv2%2Fcomments&post=224"}],"version-history":[{"count":25,"href":"https:\/\/hercigonja-stolarija.hr\/index.php?rest_route=\/wp\/v2\/pages\/224\/revisions"}],"predecessor-version":[{"id":264,"href":"https:\/\/hercigonja-stolarija.hr\/index.php?rest_route=\/wp\/v2\/pages\/224\/revisions\/264"}],"wp:attachment":[{"href":"https:\/\/hercigonja-stolarija.hr\/index.php?rest_route=%2Fwp%2Fv2%2Fmedia&parent=224"}],"curies":[{"name":"wp","href":"https:\/\/api.w.org\/{rel}","templated":true}]}}